tors of (6/4 - h)*34?
17
Suppose s - 126 = -35. Suppose -76 = 4*w - 4*c, 5*w = -2*c + 6*c - s. Let k = -11 - w. List the prime factors of k.
2
Let a be ((-2367)/18)/((-1)/(-2)). Let y = a + 453. List the prime factors of y.
2, 5, 19
Suppose 5*c = 2*c - 4*d + 10649, 5*c - 17690 = 5*d. List the prime factors of c.
3, 1181
Let i(n) = n**2 + 7*n - 28. Let w be -3 + 0/(-2) + 23. Let a = w - 32. List the prime factors of i(a).
2
Suppose -2*m - 5*p - 344 = -3*p, 4*m + 664 = 4*p. Let o = -101 - m. What are the prime factors of o?
2, 17
Let a be 2/(-4) - 4/((-16)/562). Suppose -h + 0*i + a = i, 15 = 5*i. What are the prime factors of h?
137
List the prime factors of ((-230)/15)/(1/(-33)).
2, 11, 23
Let g be (-9)/((-27)/(-42)) - -2. Let i(x) = -5*x - 8. List the prime factors of i(g).
2, 13
Let f = 1665 - 1085. Suppose 109*i + f = 114*i. List the prime factors of i.
2, 29
List the prime factors of 6/(-81) - (-549927)/243.
31, 73
Suppose 0 = -5*x - 2*j + 3420, 5*x + 0*x = j + 3420. Suppose 0 = -28*q + 25*q + x. What are the prime factors of q?
2, 3, 19
Let b(w) = w**3 + 6*w**2 + 3*w. Let a(d) = -10*d + 34. Let l(j) = -3*j + 11. Let v(s) = 2*a(s) - 7*l(s). Let y be v(6). List the prime factors of b(y).
2, 3
Let j be (((-108)/8)/9)/((-6)/28). Suppose 4*z - 4*o - 128 = 0, -9*z + 4*o + 64 = -j*z. List the prime factors of z.
2
Let a be 0 - (104 - 3/1). Let b = 169 + a. List the prime factors of b.
2, 17
Let f(v) = -3*v - 10. Let c(k) = -3*k - 9. Let u(n) = -6*c(n) + 4*f(n). Let j be u(-8). Let s = 51 + j. List the prime factors of s.
17
Suppose o = -4*l + 944, -24*l + 21*l = 4*o - 3763. List the prime factors of o.
2, 5, 47
Let q = -17 + 23. Suppose -35 = -5*p + 5*z, 0 = -p + 5*z + q + 21. Suppose -p*x + 46 - 146 = -2*j, -3*j - 5*x + 158 = 0. What are the prime factors of j?
3, 17
Let y = -277 - -413. Let p = -91 + y. What are the prime factors of p?
3, 5
Let c(k) = -k - 5. Let d be c(-3). Let a be (-9)/3 + 14 + d. Let l = a + -4. What are the prime factors of l?
5
Let k = -11 - -14. Suppose k*s = 5*y - 21, 4*y + s = 5*s + 12. List the prime factors of y.
2, 3
List the prime factors of ((-26)/4 - (12 - 16))*-144.
2, 3, 5
Let o(x) = x**2 + 6*x. Let h be o(-7). Let m = 94 - 14. Suppose m = h*n - 123. What are the prime factors of n?
29
Let l be 1/(-1) + 35 + 0. Let a be (7 - 4) + (-2 - (1 - 2)). Suppose -l = a*u - 4*u. What are the prime factors of u?
17
Let w(l) = -99*l + 1. Suppose -5*a - 2*a = 7. What are the prime factors of w(a)?
2, 5
List the prime factors of -1 + 2264/3 + 12/(-18).
3, 251
Suppose 26*v = 24*v + 14. Suppose v*o - 294 = 4*o. What are the prime factors of o?
2, 7
Let w(u) = -4*u**3 - 14*u**2 - 6*u + 3. What are the prime factors of w(-5)?
3, 61
Let p be 1/2 - 46/(-4). Let r = p + -7. Suppose -r*g + 53 = -42. List the prime factors of g.
19
Let p be 1/(((-2)/4)/1). Let k be p/((-2 - -2) + 2). What are the prime factors of ((-2)/(-4))/(k/(-4))?
2
Suppose 3*p + 0*p = 12. Suppose 3*j = 19 - 4, 28 = 2*u + p*j. Suppose -2*a = 10, 25 = u*t + 5*a - 42. List the prime factors of t.
23
Let w(u) = -u**3 + 9*u**2 - 9*u - 7. Let o be w(8). Let p(t) = -10*t + 4. Let r be p(o). Let v = r - 99. List the prime factors of v.
5, 11
Suppose s = -5 + 20. Suppose -o = s - 44. List the prime factors of o.
29
Let a(o) = o**2 + o - 26. Let x be a(0). Let m = x + 75. List the prime factors of m.
7
Suppose 23848 = -54*j + 78766. What are the prime factors of j?
3, 113
Let w be ((-16)/12 - -1)*-12. Suppose 3*b = -w*o - 16, -3*o - 4 = -2*o. Suppose -114 = -2*m + 4*j, -3*j = -5*m - b*j + 285. What are the prime factors of m?
3, 19
Let w = -22 + 20. Let j = 7 + w. Suppose -5*x - n + 140 = 3*n, 0 = j*x - 3*n - 105. What are the prime factors of x?
2, 3
Suppose -26 = 7*r + 16. Let p(s) = s**3 + 6*s**2 - 10*s - 14. What are the prime factors of p(r)?
2, 23
Let z be (0/3)/((-9)/3). What are the prime factors of 220/15*(3 - z)?
2, 11
List the prime factors of ((-1956)/(-15))/((-1)/((-10)/4)).
2, 163
Let r = 141 - 36. Suppose 4*q + 2*z - 1 = 33, 5*q - 43 = -2*z. Suppose r = -q*l + 14*l. What are the prime factors of l?
3, 7
Suppose 9*b = 11*b - 586. Suppose -38 + b = 3*l. What are the prime factors of l?
5, 17
Let p = 41 - 15. Suppose -2*f + 4*c + p = 0, 8*f - 5*f = 3*c + 48. What are the prime factors of f?
19
Suppose 15 = -3*a + 54. Let m = a + -5. Suppose m*z + 87 = 439. List the prime factors of z.
2, 11
Let a = 145 - -63. What are the prime factors of a?
2, 13
Let z(x) = -x**3 - 6*x**2 - 7*x - 8. Let s(p) be the first derivative of p**4/4 - 14*p**3/3 + 6*p**2 + 7*p - 3. Let j be s(13). List the prime factors of z(j).
2, 17
What are the prime factors of 1/(-2) - (0 - (-15093)/(-26))?
2, 5, 29
Let z be ((-427)/21)/((-3)/(-9)). Let k = z + 90. What are the prime factors of k?
29
Let y(c) be the second derivative of -c**5/20 - 3*c**4/4 + c**3/6 + 3*c**2 + 2*c. Let x be y(-9). Let m(v) = -12*v. What are the prime factors of m(x)?
2, 3
Suppose -w + 18*f = 19*f - 4467, -f - 22305 = -5*w. List the prime factors of w.
2, 23, 97
Suppose -16*x + 105 = -11*x. Suppose 2*h + 1729 = x*h. What are the prime factors of h?
7, 13
Suppose -6*s - 1656 = -5532. List the prime factors of s.
2, 17, 19
Let j be (-4)/(-10) - (-38346)/(-165). Let b = 389 + j. List the prime factors of b.
157
Suppose -2*u + 780 = 144. What are the prime factors of u?
2, 3, 53
Suppose -5*w = g - 4*g + 18, 2 = -w + g. List the prime factors of 2 - -93 - (w + 3).
2, 7
Let j be (2 - -3 - 3) + -1. Suppose m = -0 + j. List the prime factors of (3 - m - -15)*1.
17
Suppose 7*m = 27 + 15. Let h be (33 - 0)*1/3. Suppose -r = -m - h. What are the prime factors of r?
17
Suppose 6*q - 8929 = 2633. List the prime factors of q.
41, 47
Let l = 45 - -49. Suppose l = m + 2*z, -4*m = m + 2*z - 454. List the prime factors of m.
2, 3, 5
Suppose 3*l - 3118 = -p - 982, -3*l + 6384 = 3*p. Suppose 6*v + 600 = p. List the prime factors of v.
2, 127
Suppose 525 = 4*d + 101. List the prime factors of 10/60 + (d/(-12))/(-1).
3
Let q(j) be the third derivative of 5*j**2 + 3/8*j**4 + 1/60*j**5 + 0*j + 0 + 1/3*j**3. What are the prime factors of q(-9)?
2
Let c = -336 - -549. What are the prime factors of c?
3, 71
Suppose 0 = -3*j - 2*u + 78, -j - 103 = -5*j - 3*u. Suppose 0 = -5*i - 2*v - 25, 3*v + 0*v = -2*i - 10. Let l = j + i. What are the prime factors of l?
23
Suppose 0 = 29*s - 38*s + 4356. List the prime factors of s.
2, 11
Suppose 2*u - 2 = u. What are the prime factors of u/(2/(-324)*-4)?
3
Let q(t) = t**3 + 6*t**2 + 2*t - 13. Let m be q(-6). Let x = 93 + m. List the prime factors of x.
2, 17
Suppose 3*u = 4*d - 1 - 27, 4*u + 36 = 5*d. Let s(t) = -7*t + 14. List the prime factors of s(u).
2, 3, 7
Let i be (-32)/(-112) + (-248)/(-14). Suppose i*h = 16*h + 118. List the prime factors of h.
59
Let k be (552/30)/((-4)/(-10)). Suppose k + 272 = 3*t. What are the prime factors of t?
2, 53
Let b = -166 - -47. List the prime factors of 34/b - 1129*1/(-7).
7, 23
Let d(u) be the third derivative of -71*u**6/60 + u**4/12 + u**3/6 + 14*u**2. What are the prime factors of d(-1)?
3, 47
Suppose -17*w + 3661 + 4873 = 0. List the prime factors of w.
2, 251
Let z = 428 + -89. List the prime factors of z.
3, 113
Suppose -390522 = -70*j - 27*j. List the prime factors of j.
2, 3, 11, 61
Let t(k) = -63*k + 85. What are the prime factors of t(-11)?
2, 389
Suppose -5 = -3*d - 2. Suppose 0 = -5*j + 4*j - 5*k - 17, -20 = -5*j - 4*k. Let l = j + d. List the prime factors of l.
3
Let p(q) = 238*q - 2. What are the prime factors of p(3)?
2, 89
Let m(d) = -d**2 + 2*d + 50. Let s be 2/(-2)*0/(-8). List the prime factors of m(s).
2, 5
Let h = -738 - -1798. What are the prime factors of h?
2, 5, 53
Suppose 0*f + 543 = 3*y - 3*f, -2*f - 176 = -y. List the prime factors of y.
2, 3, 31
Let c(k) = 88*k**2 - 24*k + 3. What are the prime factors of c(3)?
3, 241
Let f(b) be the third derivative of -23*b**4/12 + 17*b**3/6 - 9*b**2. Let x be f(5). List the prime factors of x/(-2)*(-14)/(-21).
71
Suppose m = -q - 6, 2*m = 2*q - q - 12. Let i(w) = -7 + 0*w**3 + 3 - 6*w**2 - w**3 + 1 - 5*w. What are the prime factors of i(m)?
3
What are the prime factors of 2*(-8)/((-72)/459)?
2, 3, 17
Suppose 35*y = 33*y - 5*w + 7419, 5*y - 18605 = -w. List the prime factors of y.
2, 1861
Supp